is divided by 14?
9
Let r(i) = -2*i**3 - 2*i**2 + i - 2. Suppose 4*u + 4 = 3*u. Let x = u - -18. What is the remainder when x is divided by r(-2)?
2
Let d(r) = 9*r + 4. Suppose -5*v + 753 = -3*o - 119, -1442 = 5*o + 3*v. Let a = 410 + o. What is the remainder when a is divided by d(3)?
28
Suppose -p + 5*d + 45 = 0, -d + 46 = 3*p - p. Suppose 4*c - 64 = -4*x, 3*c - 5*x - 30 - 2 = 0. What is the remainder when p is divided by c?
11
Let z = 7 - -10. Let x = z + 28. Calculate the remainder when 58 is divided by x/(3 + 9/(-6)).
28
Let v(k) = k**2 - 16*k + 6. Let g be v(16). Let q = g + -13. Let l = q - -11. What is the remainder when 13 is divided by l?
1
Let w = -92 - -194. Calculate the remainder when w is divided by (10 - (1 + 12))/(1/(-7)).
18
Let r = 5 + 10. What is the remainder when 203 + (-5 + r)/(-2) is divided by 40?
38
Let g(v) = -v + 1. Let a be g(-1). Suppose -71 = -a*p - u, -2*p + 77 = 3*u + 12. Calculate the remainder when 106 is divided by p.
32
Calculate the remainder when 94/(21/(-14) - -2) is divided by 10.
8
Let i = -87 - -126. Suppose 30*q - 71 - 229 = 0. What is the remainder when i is divided by q?
9
Let q be (-309)/15 - (-2 + (-24)/(-10)). Let r = -17 - q. What is the remainder when 5 is divided by r?
1
Let m(d) = d - 6. Let h be m(7). Calculate the remainder when 1*115/15*(h + 2) is divided by 6.
5
Let x(u) = u**3 + u**2 - u + 19. Let z(k) = k**2 - 19*k + 60. Let a be z(15). Calculate the remainder when 32 is divided by x(a).
13
Suppose f = -3*f + 3*h - 6, 0 = -3*f - 3*h + 6. Suppose 7*s - 7 - 7 = f. Calculate the remainder when 5 is divided by s.
1
Let k = -22 + 26. Let g = 20 - 10. What is the remainder when g is divided by 6 - (-4 + k + 2)?
2
Let i(s) = s**3 - 6*s**2 - 12*s + 1. Suppose 57 + 87 = 8*q. What is the remainder when i(8) is divided by q?
15
Suppose -3*f + 36 = 2*n, n + 4*n - 5*f - 115 = 0. Calculate the remainder when n is divided by 19.
2
Let u = 50 - -21. Suppose -2*q = 3*q - 45. What is the remainder when u is divided by q?
8
Suppose 0 = 4*c - 6*c + 4*j + 24, -j + 66 = 4*c. Calculate the remainder when 63 is divided by c.
15
Let p(u) = -2*u**3 + 8*u + 6. What is the remainder when 129 is divided by p(-2)?
3
Let y(q) be the first derivative of q**4/4 - 10*q**3/3 + 5*q**2 + 6*q + 4. What is the remainder when y(9) is divided by -9 - -17 - (3 + 1)?
3
Suppose 0 = -0*r - 3*r + 27. Let f be 2/r - (-10)/(-45). Suppose -w + 5 + 27 = f. What is the remainder when w is divided by 11?
10
Suppose 8*o - 4*o = -5*n + 40, 30 = 3*o - n. What is the remainder when o is divided by 7?
3
Let r be 9/(-3)*(4 + -8). Suppose r*z - 20*z + 72 = 0. Calculate the remainder when 34 is divided by z.
7
Let d = -50 - -26. Let p = 30 + d. Calculate the remainder when 21 is divided by p.
3
Let h = 461 + -439. What is the remainder when 260 is divided by h?
18
Let y = 133 - 44. Suppose -163 = -7*d + y. What is the remainder when 178 is divided by d?
34
Suppose 4*d - 3*y = 11 + 5, -y = d + 3. Suppose k + 3*k + 2*g - 208 = 0, -4*k = -3*g - 228. What is the remainder when k is divided by 19 + d/1 + -1?
16
Let t = 712 + -675. What is the remainder when 479 is divided by t?
35
Suppose 3*p - 38 - 19 = 0. Let q = p - 3. What is the remainder when 28 is divided by q?
12
Let r = 819 + -794. Calculate the remainder when 135 is divided by r.
10
Let k(p) = -102*p**3 - 3*p**2 - 7*p - 4. What is the remainder when k(-1) is divided by 21?
18
Suppose 5*u - 544 = 21. What is the remainder when u is divided by 9?
5
Let x be 4/(-6) - (-38)/57. Let m(f) = f**3 - f + 13. Calculate the remainder when m(x) is divided by 8.
5
Suppose 2*k - 1804 = -1668. Calculate the remainder when k is divided by 15.
8
Let n(q) = -6*q**3 + 4*q**2 + 6*q - 1. Calculate the remainder when 302 is divided by n(-2).
47
Let n = 77 - 18. Suppose -l - 98 = -5*x, 0 = -0*l - 4*l + 8. What is the remainder when n is divided by x?
19
Let d = -116 - -127. Calculate the remainder when d is divided by 5.
1
Suppose 9*m = 4*m + 45. Suppose s - 14 = 3*w - 8*w, 3*s = 3*w + 6. Let i = 4 + w. What is the remainder when m is divided by i?
3
Let i = 14 + -3. Let a = -11 + 8. What is the remainder when 4/a - 388/(-12) is divided by i?
9
Let q(n) = -n**3 - n**2 + 23*n - 8. What is the remainder when q(-6) is divided by 13?
8
Let a(o) = 6*o + 1. Let w = -5 - -11. Calculate the remainder when a(w) is divided by (-72)/9*2/(-2).
5
Let n = -424 + 469. What is the remainder when n is divided by 3?
0
Suppose 4*h - g - 101 = 0, 0 = 5*h - g - 103 - 24. Suppose 3*v - 4*k - 46 + 11 = 0, -3*k = 5*v - 39. What is the remainder when h is divided by v?
8
Let o = -20 - -37. What is the remainder when ((-2)/6)/(o/(-1377)) is divided by 15?
12
Let n(i) = -67*i - 17. Let o(c) = 100*c + 25. Let j(a) = 7*n(a) + 5*o(a). Calculate the remainder when j(4) is divided by 33.
31
Let b(d) = -30*d**3 - 2*d**2 + 2*d + 1. Let t be b(-2). Suppose -4*u + 417 - 73 = -3*k, 3*u + 5*k = t. What is the remainder when u is divided by 28?
27
Calculate the remainder when -24 - -5 - -12 - -673 is divided by 84.
78
Suppose 2*x + 10 = 2*n - 6, 3*n + x = 8. Suppose 6*r = 2*t + n*r - 392, -4*r + 392 = 2*t. Calculate the remainder when t is divided by 22.
20
What is the remainder when (5445/(-30))/((-1)/2) + -2 is divided by 52?
49
Let t be ((-2)/6)/((-1)/3). Let q = t - -2. Let r = 10 - q. Calculate the remainder when 12 is divided by r.
5
Suppose -2*n = -5*n + 33. Let a be (-138)/21 - (-6)/(-14). Let p = a + n. Calculate the remainder when p is divided by 2.
0
Calculate the remainder when 529 is divided by (-1 + (-5 - -9) + -4)*-89.
84
Suppose b = -k - 37 + 55, 2*b + 76 = 5*k. What is the remainder when 57 is divided by k?
9
Let b(n) be the third derivative of n**6/8 + n**5/30 - n**4/24 - n**3/6 - n**2 - 9. What is the remainder when 37 is divided by b(1)?
7
Suppose 4*r = 4*j - 11 - 17, -2*j + 8 = 0. What is the remainder when 62 is divided by (-38)/r + 5/15 + 0?
10
Suppose 4*f = 5*n + 1, 7*n - 3*n - f = 8. Suppose 0 = n*x - 289 - 269. Suppose 0*y + 6*y = x. Calculate the remainder when y is divided by 11.
9
Let r(j) = j**3 + 9*j**2 + 9*j + 9. What is the remainder when 66 is divided by r(-3)?
30
Suppose 292*k = 287*k + 125. Suppose 0 = -3*m - 0*m + 522. What is the remainder when m is divided by k?
24
Suppose 2*m + 4*k - 114 = 0, 2*m + 5*k - 4*k - 126 = 0. Suppose 60*g - m*g = -165. What is the remainder when g is divided by 17?
16
Let n(v) = 2*v**2 - 6*v - 67. Let w be ((-1)/2 - -1)*10. Suppose 5*h = -w + 45. Calculate the remainder when n(-5) is divided by h.
5
Let f = 79 + 65. What is the remainder when f is divided by 37?
33
Let o(t) = 3*t**2 - 11*t - 41. Calculate the remainder when o(14) is divided by 145.
103
Let j = 105 + -84. Calculate the remainder when 55 is divided by j.
13
Let h(q) = 2*q + 3. Let i be h(-6). Let t(d) = d**2 + d - 48. Calculate the remainder when t(i) is divided by 5.
4
Calculate the remainder when (-10 - 48)/(-2 + -2 + 2) is divided by (-2)/2 - 11/(-1).
9
Let h(q) = -q**3 + q + 5. Let f be h(0). Let g = -1 + f. Suppose -110 + 112 = -2*w, 14 = 5*n - 4*w. What is the remainder when g is divided by n?
0
Suppose 0 = k - 4*z - 110, -5*k + 508 = -7*z + 8*z. Calculate the remainder when k is divided by 58.
44
Let n be 2 + 0*5/15. Let k(j) = 16*j + 3. What is the remainder when k(n) is divided by 10?
5
Let q(c) = c**3 - 5*c**2 - 7*c + 3. Let n be q(6). What is the remainder when 15 is divided by 1*(25/10)/(n/(-6))?
0
Suppose 2*w - 7 = 17. Suppose -3*k + 114 + 93 = 0. Suppose 23 = -2*b + k. Calculate the remainder when b is divided by w.
11
Suppose 9*c - 60 = -5*m + 4*c, -4*m + 5*c + 57 = 0. Suppose m*h - 1005 = 8*h. Let w = 283 - h. What is the remainder when w is divided by 28?
26
Let k(g) = -g**2 - 26*g - 45. Let s(i) = -i**2 + 9*i - 5. Calculate the remainder when k(-23) is divided by s(7).
6
Suppose 0 = -2*k - f + 12, 3*k = -5*f + 8 + 10. Let z be k/18*1*3. What is the remainder when ((-2)/6)/(z/(-30)) is divided by 6?
4
Suppose -18 = -35*y + 33*y. Let a(n) = -3*n + 2. Let c be a(2). What is the remainder when y is divided by ((-6)/c)/(6/24)?
3
Suppose 5*w = 4*w. Suppose 2*n - 109 = o, -4*n = -o - w*o - 219. Suppose 2*q = -a + 8 + 16, 0 = -3*a - 12. Calculate the remainder when n is divided by q.
13
Let i = 12 - 8. Su